isor of 78 and o?
13
Let j be 152 + (4 - -2)/(-2). Suppose j = 6*u + 23. Calculate the highest common divisor of u and 14.
7
Let h = 119 - 97. Let v = 14 + -3. Calculate the highest common divisor of h and v.
11
Let r be (-16)/(-4)*(1 + 1). What is the highest common divisor of 88 and r?
8
Let n = 9 + 4. Let d be (-1)/4 + (-315)/(-12). What is the greatest common divisor of d and n?
13
Suppose 2*b = -6*c + 4*c + 22, 3*b = 2*c + 3. Let j be (1 - -2)/((-1)/(-12)). Let m = j + -21. Calculate the greatest common factor of m and c.
3
Suppose -20 - 10 = -3*j. What is the highest common divisor of 10 and j?
10
Suppose -1 - 3 = 4*f. Let g be ((-10)/25)/(f/10). Let x be g/(-10) + (-882)/(-5). What is the highest common factor of 16 and x?
16
Suppose 47 = -5*k + y, 0 = 5*k - y + 3*y + 41. Let r be 9*(2 + 15/k). What is the highest common divisor of r and 12?
3
Suppose 0 = -l + 20 + 2. Suppose 28 = 2*r - 3*t, -4*t + 25 = 3*r - 0*t. Calculate the greatest common factor of r and l.
11
Suppose -40 = 4*x - 5*j, 24 = -2*x + 5*j + 4. Let l be ((-12)/x)/((-12)/(-210)). What is the greatest common factor of l and 14?
7
Let h = 40 + -10. Suppose -5*q + 190 = -h. Let n = -24 + q. Calculate the highest common factor of n and 50.
10
Let y = 10 - -3. Let f = y + 14. Let d be 2*-1 - (-14 + 3). Calculate the greatest common divisor of d and f.
9
Let l(y) = 5*y**2 + 2*y + 1. Let k be l(-1). Suppose -a + 5*j = -2*a + 58, -j - 253 = -k*a. What is the greatest common divisor of a and 9?
9
Suppose -n = -3 + 1. Suppose h + n*u + 13 = -2*u, u + 16 = 4*h. Calculate the highest common divisor of h and 30.
3
Let d(z) = -2*z + 25. Let y be d(11). Calculate the greatest common divisor of y and 24.
3
Let g = 12 - -3. Let y be ((-12)/10)/((-2)/g). Calculate the highest common factor of 54 and y.
9
Let v(l) = l**2 + 5*l - 2. Let o be v(3). Calculate the greatest common factor of o and 55.
11
Let b = 76 + -40. What is the greatest common factor of b and 12?
12
Suppose 249 = 5*c - 66. Suppose -117 - c = -4*w. Suppose -7*o = -2*o - 2*t - w, 5*t = -25. Calculate the greatest common factor of o and 21.
7
Let j be (4/6)/(8/(-12)). Let c be -2 + 1 + j + 8. Let x(z) = -2*z - 3. Let t be x(-6). What is the highest common factor of c and t?
3
Let p(m) = -118*m + 1. Let q be p(-1). Calculate the highest common divisor of 17 and q.
17
Let j(n) = 4*n**2 + 7*n - 4. Let g be j(-6). What is the highest common divisor of g and 14?
14
Let i be (-3)/(-9) + 5/3. Let d(r) = r + 5*r**3 - i*r**3 + 2*r - 3*r**2. Let s be d(3). Calculate the greatest common factor of 9 and s.
9
Let t = 48 - 30. Let y be ((-7)/(-3))/(3/t). Calculate the highest common factor of 42 and y.
14
Suppose -160 = -5*a + a. What is the greatest common factor of a and 5?
5
Suppose 55*g - 59*g = -40. Suppose 3 = 2*f - 1. Suppose -f*m - w + 96 = 0, 2*m - 2*w = 58 + 50. Calculate the highest common divisor of g and m.
10
Let x(n) = n - 3. Let v be x(3). Suppose 2*w - 3*a - 16 = v, -w = 2*w - 2*a - 14. Suppose -3*z + w*z = -5. Calculate the greatest common factor of z and 5.
5
Let y be (-10)/(-45) + (-65)/9. Let r = 16 + y. Calculate the greatest common divisor of r and 1.
1
Let i be -4*(-2)/6*3. Calculate the greatest common divisor of 1 and i.
1
Let a(h) = -120*h - 1. Let r be a(-1). Let y(t) = -1 + 2*t**2 - 3*t - 1 - 1. Let s be y(4). What is the highest common divisor of s and r?
17
Let p(k) be the first derivative of 2 - 5/2*k**2 + 4*k. Let z be p(-6). What is the greatest common factor of 51 and z?
17
Let x(i) = 17*i**2 - 3*i + 1. Let k be x(1). Calculate the greatest common divisor of k and 120.
15
Let q(b) = -14*b - 6. Let w be q(-4). Let p be (-40)/w*(-90)/4. What is the highest common divisor of 90 and p?
18
Let o = 31 + -27. What is the highest common divisor of o and 16?
4
Let j(z) = z**2 - 6*z + 3. Let i be j(7). Let u = 6 - 0. Let m be 2 - (-2 - u*11). Calculate the highest common divisor of i and m.
10
Let s(w) = w**2 - 3. Let h be s(4). Let c be (14 + -1)/(2/18). What is the highest common factor of h and c?
13
Let p(f) = -3*f**2 - f**3 - 3*f**2 + 3*f**3 + 3*f**2 + 2*f. Let y be p(4). Calculate the greatest common factor of y and 8.
8
Let j(r) = -r**2 + 12*r - 7. Let f be j(11). Calculate the highest common factor of 20 and f.
4
Let b be 4/(-6)*(0 + -9). Suppose -27 = -5*f + 213. Calculate the greatest common divisor of b and f.
6
Let g(y) = y**2 + y + 9. Let t be g(0). What is the greatest common factor of 36 and t?
9
Suppose 0 = 2*u - 5 - 9. What is the greatest common factor of 21 and u?
7
Let d be (-5)/2*(-18)/15 + 17. Calculate the highest common factor of d and 220.
20
Let x = -6 - -19. What is the greatest common factor of 156 and x?
13
Suppose -c = 4*f - 47, -3*f - 2*c = -0*c - 39. What is the greatest common divisor of f and 55?
11
Let g = 33 + -22. Let a be (-2)/(-3) + 100/(-15). Let b be ((-22)/(-5))/(a/(-30)). Calculate the highest common factor of g and b.
11
Let p be (12/(-4))/((-2)/42). Suppose t - 39 = -2*m, 2*m - 3*m + 30 = -3*t. Calculate the greatest common factor of m and p.
21
Suppose 3*r = -9 + 81. Let q(p) = -10*p - 4. Let i be q(-2). Calculate the highest common factor of r and i.
8
Let a be 12 + -11 + (50 - 0). Let z be (21 - 2 - 1) + -1. Calculate the highest common factor of z and a.
17
Let i(l) = -l + 8. Let h be i(-4). Suppose 0 = 3*j - 24 - 84. Calculate the highest common divisor of j and h.
12
Let n be (-248)/(-6) + -2*(-3)/9. What is the highest common divisor of 14 and n?
14
Suppose -2*r - 80 = -6*r. What is the greatest common divisor of r and 4?
4
Let d = -7 - -127. Let a = 346 - 331. What is the greatest common factor of a and d?
15
Suppose 25 = 2*u + 3*u. Suppose -u*s + 18 = -2. Suppose 2*j - s*h = 42, 0 = 2*j - 2*h - 6 - 28. What is the highest common divisor of j and 65?
13
Suppose i - 67 = 131. Let n(w) = 18*w. Let s be n(1). What is the greatest common factor of i and s?
18
Let y = -81 - -162. Let m(i) = 8*i + 1. Let d be m(1). What is the highest common factor of y and d?
9
Let o(t) = -t**2 + 12*t - 22. Let y be o(6). Calculate the highest common factor of y and 14.
14
Let w(t) = -4*t - 9. Let d be w(-7). Suppose 0 = o - 4*u - 115, -2*u - 10 = -0*u. What is the greatest common factor of o and d?
19
Let u be 1/(-2) + 63/14. Suppose -36 = -j - 2*w - 2*w, -148 = -5*j - u*w. Calculate the highest common divisor of 70 and j.
14
Let h = 7 - 4. Let x be 26 + h/(6/(-4)). Calculate the highest common factor of x and 6.
6
Suppose 0 = 5*i - 15 + 5. Let x be i/6 - (-8)/3. Calculate the greatest common factor of 12 and x.
3
Suppose -4*r - 48 = -s - 7, 2*s = 2*r + 28. Let b = r - -13. Let h(o) = o**3 - o**2 - 5*o + 4. Let a be h(b). Calculate the greatest common divisor of 48 and a.
16
Suppose 4*p - 3 = -3*x + 18, 5*p - 4*x - 3 = 0. Let l be (p + (-10)/6)*45. Calculate the highest common divisor of l and 24.
12
Let s = -70 - -124. Suppose 16 = -5*d + 3*j + 52, -d = -3*j. Let h = 15 - d. What is the greatest common divisor of h and s?
6
Let c be 7 - 0 - (-4)/(16/(-4)). What is the greatest common factor of 42 and c?
6
Let j = -52 - -50. Let u = -6 + 2. Let h be 1/2 + j/u. What is the greatest common factor of h and 7?
1
Let z(d) = -5*d - 6. Let c be z(-3). Calculate the greatest common divisor of 9 and c.
9
Let q = -1 - -3. Suppose -k + 32 = q*d, -4*k + 6 = -k. Let i(l) = -l**2 + 25*l + 96. Let h be i(24). What is the greatest common divisor of d and h?
15
Let z be 11/9 + -1 - (-256)/144. What is the highest common factor of 2 and z?
2
Let b = -1 - 94. Let d = -183 - b. Let v = -62 - d. Calculate the greatest common factor of v and 13.
13
Let l(q) = 34*q**2 + 1. Let i be l(1). Suppose 2*y - 42 = -y. What is the highest common divisor of y and i?
7
Let h = -12 - -36. What is the highest common factor of 60 and h?
12
Let x = -51 - -81. What is the greatest common factor of 24 and x?
6
Suppose -2*g + 0*g - 24 = 0. Let w be (12 - 0)*(-8)/g. Let x(q) = q + 6. Let d be x(-5). Calculate the highest common factor of w and d.
1
Let k(d) = 4*d**2 - 10*d - 10. Let u be k(4). What is the highest common divisor of u and 42?
14
Let s(q) = q**3 + 10*q**2 - 13. Let c be s(-9). What is the highest common factor of 17 and c?
17
Let x be 3*((-10)/6)/5*-21. Suppose -o - 7 = -112. Calculate the highest common di